-6*x + 4*h + 148 = -x, -4*h + 12 = 0. What is the remainder when 61 is divided by x?
29
Let k(c) = c**2 + 32. Suppose -228 = -5*z - 8. Suppose -b = -5*b + z. Calculate the remainder when k(0) is divided by b.
10
Let w = -4 - -18. Suppose 2*n = 2*p - 28, -4*n + 38 + w = 5*p. Calculate the remainder when 46 is divided by p.
10
Let x(z) = -z**3 + 5*z**2 + 4*z - 9. Let a(k) = -k**3 - 7*k**2 - 8*k - 7. Let n be a(-6). What is the remainder when x(n) is divided by 3?
2
Suppose -3*c + 67 = 5*x, 0 = -0*x + 2*x + c - 27. Calculate the remainder when 54 is divided by x.
12
Let h(o) = -o**2 - 8*o + 1. Calculate the remainder when 62 is divided by h(-5).
14
Let k = 22 + -11. Let d(w) = -26*w + 1. Let f be d(-3). Let h = f + -47. What is the remainder when h is divided by k?
10
Suppose 4*v + 6*z - 105 = 3*z, 3*v + z = 75. What is the remainder when v is divided by (1/3)/((-6)/(-234))?
11
Suppose -70 = -g - g. Let u(j) be the second derivative of j**4/12 + 2*j**3/3 + 3*j**2 - j. What is the remainder when g is divided by u(-6)?
17
Let q = 108 + -101. What is the remainder when q is divided by 5?
2
Suppose -2*p = g - 3*g + 16, 0 = 2*g + 2*p - 32. Let q = 12 + -1. Suppose -17 = -4*l + q. What is the remainder when g is divided by l?
5
Let b = -15 - -27. Let y = 1 + b. Suppose 20 = o - 3*u + 4*u, -3*u + 110 = 5*o. Calculate the remainder when o is divided by y.
12
Suppose -n = 4*a - 24, 9 = n - a + 2*a. Calculate the remainder when 15 is divided by n.
3
Let t(a) = a + 3. Let c be t(2). Suppose 50 = 2*h + 2*u + 2*u, -2*h - c*u = -54. What is the remainder when h is divided by 3?
2
Let i = -43 + 62. What is the remainder when 149 is divided by i?
16
Let f = 7 - 5. Suppose 0*a + f = a. Suppose x - 20 = -4*x. Calculate the remainder when x is divided by a.
0
Suppose 2*z - 894 = -3*o, -2*z + 3*z + 1192 = 4*o. Calculate the remainder when o is divided by 30.
28
Suppose 2*r = -0*r + 5*d + 9, 5*r - 66 = -2*d. What is the remainder when 85*((-21)/(-15) + -1) is divided by r?
10
Let f = 0 - -29. Suppose -18 = -0*i + i. Let r = -8 - i. What is the remainder when f is divided by r?
9
Suppose -2*i - 3*i + 50 = 0. What is the remainder when 38 is divided by i?
8
Suppose 2*x = 3*x + 23. Let o = x + 32. Suppose 5*u - 3*k - o = 16, -39 = -3*u - 3*k. What is the remainder when u is divided by 5?
3
Suppose -34 = -3*a - 7. Calculate the remainder when a is divided by 6.
3
Calculate the remainder when 39 is divided by (-4)/2 - -3 - -9.
9
Let d(q) = 24*q**2 - 3*q + 3. What is the remainder when d(-2) is divided by 55?
50
Let y(r) = -r + 4. Let i be y(5). Let n(g) = 6 - 4 - 4 - 56*g + 1. What is the remainder when n(i) is divided by 14?
13
Suppose 4*g = 296 - 60. Suppose 3*j - 14 = -2. Suppose j*q - 80 = -0*q. What is the remainder when g is divided by q?
19
Let z = -49 + 51. Let n(b) = -b**2 - b + 3. Let p(k) = 3*k**2 + 2*k - 10. Let f(s) = -7*n(s) - 2*p(s). Calculate the remainder when 26 is divided by f(z).
8
Let i(s) = -s**2 - 6*s - 4. Let l be i(-4). Suppose 3*c + 1 - 22 = 5*u, -l*c - 4*u = 4. Calculate the remainder when 2 is divided by c.
0
Let m = -6 + 11. Let c(q) = -2*q + 1. Let i be c(1). Calculate the remainder when 14 + i + 2 + -2 is divided by m.
3
Let n(a) = -10*a + 4. Calculate the remainder when n(-9) is divided by 19.
18
Let c be (-380)/12*9/(-1). Suppose -c = -6*h - 87. What is the remainder when h is divided by 5?
3
Let b = 63 + -17. What is the remainder when b is divided by 16?
14
Let h(x) = -3*x**3 - 1 + 10*x**3 + 2 - 2. Let c(i) = -i**2 - 5*i - 3. Let z be c(-4). Calculate the remainder when 11 is divided by h(z).
5
Let v = 14 + -35. Let z = -3 - v. What is the remainder when 2/(-4) - 428/(-8) is divided by z?
17
Let u = -85 - -94. What is the remainder when 24 is divided by u?
6
Let w(y) be the second derivative of 3/2*y**2 + 1/3*y**4 - y + 5/6*y**3 + 0. Calculate the remainder when w(-3) is divided by 13.
11
Suppose -a + 4 = -3*a. Let w = 12 + a. Suppose -5 - 13 = -3*v. Calculate the remainder when w is divided by v.
4
Suppose -89 = -5*g - 64. Calculate the remainder when 29 is divided by g.
4
Let d(r) = -2*r - 11. Let k be d(-5). Calculate the remainder when k/3 + 40/3 is divided by 5.
3
Let r(p) = -p**2 - 11*p - 4. Calculate the remainder when 55 is divided by r(-9).
13
Suppose -6*z + 85 = -z - 2*i, -z - 5*i = -44. What is the remainder when 74 is divided by z?
17
Calculate the remainder when 124/72*10 + 2/(-9) is divided by 10.
7
Let h(z) = z**2 + 61. What is the remainder when h(0) is divided by 9?
7
Suppose -2*v + 6 = -3*y + y, -2*v + 3*y = -8. Let a = 1 + v. Suppose -166 = -3*x + a*g, -2*x - 10 = 4*g - 94. Calculate the remainder when x is divided by 27.
25
Suppose -4*i = -3*v + 15, -20 = 3*i + v - 5*v. Suppose 3 = -i*h + h. Calculate the remainder when 23 is divided by h/4 - 45/(-4).
11
What is the remainder when (-1 + 7)/3 + 7 + 63 is divided by 19?
15
Let l be ((6 - -1) + -3)*4. Suppose -z - 22 = -5*z + 3*a, -3*z + 2*a + l = 0. Calculate the remainder when 7 is divided by z.
3
Let t(h) = 2*h**3 + 34*h**2 + 13. Let f(d) = 6*d**3 - 2*d**2 - d - 2. What is the remainder when f(2) is divided by t(-17)?
10
Let c(q) = -q**3. Suppose -i - 6 = 4*p, -3*i + 1 = -2*i - 3*p. Calculate the remainder when 29 is divided by c(i).
5
Suppose d - r = 32, 0*d = 3*d + 5*r - 64. What is the remainder when d is divided by 10?
8
Let k(t) = 3*t - 4. Calculate the remainder when 40 is divided by k(6).
12
Let t(g) = 3*g**3 - 4*g + 1. Let o be t(3). Suppose 0 = 2*s - 4*s + o. Calculate the remainder when s is divided by 19.
16
Let y(d) = -13*d**3 + d**2 + d. What is the remainder when 51 is divided by y(-1)?
12
Let x = -4 + 8. Suppose -58 = -3*z - x*f, z + 4 = -3*f + 30. Calculate the remainder when 27 is divided by z.
13
Let q be (-14)/10 - (-10)/25. Suppose -18 = -2*m - m. What is the remainder when 10 is divided by q/(-1 - (-5)/m)?
4
Let n(i) = 16*i - 6. Let j be n(-5). Let q = -41 - j. What is the remainder when q is divided by 12?
9
Let k(w) = w**2 - 6*w + 4. Let a be k(-8). Suppose 67 + a = -3*h. Let f = -28 - h. What is the remainder when f is divided by 17?
16
Let n be 3 + 0 + 0/2. Suppose -72 = -n*r - r. Let k(x) = x**2 - x - 2. Calculate the remainder when r is divided by k(4).
8
Let k(i) = -i - 1. Let o(l) = l**2 + 7*l + 7. Let h(b) = 2*k(b) + o(b). What is the remainder when 21 is divided by h(-6)?
10
Let w(r) = 38*r**2 - r. Let p be 35/30 + 1/(-6). What is the remainder when w(p) is divided by 10?
7
Calculate the remainder when 64 is divided by (34/(-8))/(2/(-16)).
30
Let c(x) = x - 5. Let t = -4 - -8. Suppose -2*j = -w + j + 16, t*w = -2*j + 22. Calculate the remainder when c(w) is divided by 1.
0
Suppose -5*q + 115 = -60. Suppose 2*b + m = q, 0 = -2*b + 3*m + 2*m + 29. What is the remainder when b is divided by 6?
5
Suppose 2*l - 3*p - 5 - 31 = 0, -4*l = -p - 62. What is the remainder when 28 is divided by l?
13
Suppose 5*y = -5*g - 27 + 2, -25 = -y + 5*g. Suppose q = -t + 2, -3*q + y = 5*t + 4. What is the remainder when 12 is divided by q?
5
Suppose y - 3*h + 5 = 2, 0 = -y + 5*h - 7. Suppose -3*g + 34 = 2*o + y*o, 3*g - 74 = 5*o. What is the remainder when 71 is divided by g?
17
Suppose r - 205 = -4*r. Suppose 3*c = h + r, 5*c - 4*c = -h + 7. Let w(p) = 34*p**3 + p**2 + p - 1. Calculate the remainder when w(1) is divided by c.
11
Suppose 0*c + 5*c = -5. Calculate the remainder when (1 - 3) + (c - -8) is divided by 4.
1
Suppose 4*n = -0*n + 40. Calculate the remainder when n is divided by 4.
2
Suppose n = 3*u + 3*n - 22, u - 2*n + 6 = 0. Suppose -u*h + 39 = 3*j - 17, 4*j = -2*h + 68. Suppose 8 = x - 1. Calculate the remainder when j is divided by x.
7
Calculate the remainder when 36 is divided by 38/(-8)*2*-2.
17
Let q = 60 + -14. What is the remainder when q is divided by (-4)/(-2)*-1 + 14?
10
Suppose 2*b + 19 = 87. Let n = 8 + 11. Let m = n + -7. What is the remainder when b is divided by m?
10
Let v be 3 - 0 - (6 + -57). Let p = v - -12. Calculate the remainder when p is divided by 23.
20
Suppose 67 = 3*j - 59. What is the remainder when j is divided by 11?
9
Suppose 20*p - 25*p + 495 = 0. Calculate the remainder when p is divided by 20.
19
Let z(x) = -2*x**3 - 2*x - 6*x**2 + x - 4 + 2*x**2. Calculate the remainder when 3336/66 - (-2 + (-84)/(-33)) is 